8.
2, 709
List the prime factors of 13885.
5, 2777
What are the prime factors of 348?
2, 3, 29
List the prime factors of 4646.
2, 23, 101
List the prime factors of 21885.
3, 5, 1459
List the prime factors of 146051.
146051
List the prime factors of 4458.
2, 3, 743
What are the prime factors of 7395?
3, 5, 17, 29
What are the prime factors of 2078?
2, 1039
What are the prime factors of 27417?
3, 13, 19, 37
List the prime factors of 38249.
23, 1663
What are the prime factors of 82603?
17, 43, 113
List the prime factors of 266.
2, 7, 19
List the prime factors of 5032.
2, 17, 37
What are the prime factors of 43530?
2, 3, 5, 1451
List the prime factors of 75598.
2, 37799
What are the prime factors of 648?
2, 3
List the prime factors of 90824.
2, 11353
What are the prime factors of 1966?
2, 983
List the prime factors of 51683.
51683
List the prime factors of 27909.
3, 7, 443
What are the prime factors of 13258?
2, 7, 947
What are the prime factors of 4955?
5, 991
What are the prime factors of 17823?
3, 13, 457
List the prime factors of 2171.
13, 167
List the prime factors of 4150.
2, 5, 83
List the prime factors of 8105.
5, 1621
What are the prime factors of 15867?
3, 41, 43
What are the prime factors of 2142?
2, 3, 7, 17
What are the prime factors of 18834?
2, 3, 43, 73
List the prime factors of 288.
2, 3
List the prime factors of 62041.
7, 8863
List the prime factors of 321.
3, 107
What are the prime factors of 4159?
4159
What are the prime factors of 61?
61
List the prime factors of 1083.
3, 19
List the prime factors of 6710.
2, 5, 11, 61
What are the prime factors of 3629?
19, 191
List the prime factors of 1555.
5, 311
What are the prime factors of 74137?
7, 17, 89
List the prime factors of 2349.
3, 29
List the prime factors of 2551.
2551
What are the prime factors of 1640?
2, 5, 41
List the prime factors of 11017.
23, 479
What are the prime factors of 10456?
2, 1307
What are the prime factors of 6678?
2, 3, 7, 53
List the prime factors of 6304.
2, 197
List the prime factors of 60875.
5, 487
What are the prime factors of 895?
5, 179
What are the prime factors of 3468?
2, 3, 17
List the prime factors of 5352.
2, 3, 223
List the prime factors of 2109.
3, 19, 37
What are the prime factors of 3009?
3, 17, 59
List the prime factors of 985.
5, 197
List the prime factors of 40744.
2, 11, 463
List the prime factors of 3993.
3, 11
List the prime factors of 87.
3, 29
List the prime factors of 6914.
2, 3457
What are the prime factors of 1928?
2, 241
List the prime factors of 10033.
79, 127
What are the prime factors of 13777?
23, 599
List the prime factors of 4775.
5, 191
What are the prime factors of 1133?
11, 103
What are the prime factors of 4622?
2, 2311
List the prime factors of 5263.
19, 277
List the prime factors of 46196.
2, 11549
List the prime factors of 51174.
2, 3, 2843
What are the prime factors of 8213?
43, 191
List the prime factors of 4073.
4073
List the prime factors of 1700.
2, 5, 17
List the prime factors of 1388.
2, 347
List the prime factors of 903.
3, 7, 43
What are the prime factors of 1458?
2, 3
List the prime factors of 545.
5, 109
What are the prime factors of 1213?
1213
List the prime factors of 16466.
2, 8233
What are the prime factors of 4807?
11, 19, 23
List the prime factors of 2266.
2, 11, 103
List the prime factors of 4455.
3, 5, 11
List the prime factors of 1396.
2, 349
What are the prime factors of 12714?
2, 3, 13, 163
List the prime factors of 2011.
2011
What are the prime factors of 1118?
2, 13, 43
List the prime factors of 7036.
2, 1759
What are the prime factors of 3159?
3, 13
List the prime factors of 2971.
2971
List the prime factors of 3014.
2, 11, 137
List the prime factors of 3753.
3, 139
What are the prime factors of 2035?
5, 11, 37
What are the prime factors of 4690?
2, 5, 7, 67
List the prime factors of 28993.
79, 367
List the prime factors of 383.
383
List the prime factors of 68671.
43, 1597
What are the prime factors of 8668?
2, 11, 197
List the prime factors of 20393.
20393
What are the prime factors of 35299?
11, 3209
What are the prime factors of 175?
5, 7
List the prime factors of 466.
2, 233
List the prime factors of 47485.
5, 9497
What are the prime factors of 1896?
2, 3, 79
What are the prime factors of 167602?
2, 47, 1783
What are the prime factors of 961?
31
What are the prime factors of 1137?
3, 379
What are the prime factors of 7118?
2, 3559
List the prime factors of 17.
17
List the prime factors of 42472.
2, 5309
What are the prime factors of 37447?
37447
List the prime factors of 1137.
3, 379
List the prime factors of 15711.
3, 5237
What are the prime factors of 17726?
2, 8863
List the prime factors of 32787.
3, 3643
List the prime factors of 3187.
3187
What are the prime factors of 2951?
13, 227
List the prime factors of 31754.
2, 15877
What are the prime factors of 24445?
5, 4889
List the prime factors of 10669.
47, 227
List the prime factors of 1377.
3, 17
List the prime factors of 9257.
9257
List the prime factors of 9354.
2, 3, 1559
What are the prime factors of 60186?
2, 3, 7, 1433
What are the prime factors of 25244?
2, 6311
What are the prime factors of 1486?
2, 743
What are the prime factors of 1742?
2, 13, 67
What are the prime factors of 88952?
2, 11119
List the prime factors of 1049.
1049
What are the prime factors of 2208?
2, 3, 23
What are the prime factors of 1876?
2, 7, 67
List the prime factors of 6535.
5, 1307
What are the prime factors of 34305?
3, 5, 2287
What are the prime factors of 403?
13, 31
List the prime factors of 23719.
23719
List the prime factors of 156986.
2, 53, 1481
What are the prime factors of 619?
619
What are the prime factors of 350?
2, 5, 7
What are the prime factors of 685?
5, 137
List the prime factors of 961.
31
List the prime factors of 57310.
2, 5, 11, 521
What are the prime factors of 33680?
2, 5, 421
List the prime factors of 1833.
3, 13, 47
List the prime factors of 2140.
2, 5, 107
What are the prime factors of 441?
3, 7
What are the prime factors of 12425?
5, 7, 71
List the prime factors of 898.
2, 449
List the prime factors of 81099.
3, 9011
What are the prime factors of 914?
2, 457
List the prime factors of 1028.
2, 257
What are the prime factors of 11048?
2, 1381
List the prime factors of 91903.
7, 19, 691
What are the prime factors of 7935?
3, 5, 23
List the prime factors of 29199.
3, 9733
List the prime factors of 1192.
2, 149
What are the prime factors of 16112?
2, 19, 53
List the prime factors of 820.
2, 5, 41
What are the prime factors of 77530?
2, 5, 7753
What are the prime factors of 1041?
3, 347
List the prime factors of 1102.
2, 19, 29
List the prime factors of 64128.
2, 3, 167
List the prime factors of 518.
2, 7, 37
What are the prime factors of 1817?
23, 79
List the prime factors of 23574.
2, 3, 3929
What are the prime factors of 16142?
2, 7, 1153
List the prime factors of 6543.
3, 727
What are the prime factors of 2215?
5, 443
List the prime factors of 4727.
29, 163
List the prime factors of 14043.
3, 31, 151
List the prime factors of 13762.
2, 7, 983
List the prime factors of 83238.
2, 3, 13873
What are the prime factors of 32732?
2, 7, 167
List the prime factors of 104159.
11, 17, 557
What are the prime factors of 423?
3, 47
List the prime factors of 5228.
2, 1307
List the prime factors of 1161.
3, 43
What are the prime factors of 1458?
2, 3
What are the prime factors of 4077?
3, 151
List the prime factors of 2435.
5, 487
List the prime factors of 1057.
7, 151
List the prime factors of 2602.
2, 1301
What are the prime factors of 23?
23
What are the prime factors of 2851?
2851
List the prime factors of 7034.
2, 3517
What are the prime factors of 23151?
3, 7717
What are the prime factors of 61768?
2, 7, 1103
List the prime factors of 151473.
3, 7, 7213
What are the prime factors of 2772?
2, 3, 7, 11
What are the prime factors of 165?
3, 5, 11
What are the prime factors of 1026?
2, 3, 19
List the prime factors of 4320.
2, 3, 5
What are the prime factors of 20330?
2, 5, 19, 107
What are the prime factors of 6213?
3, 19, 109
What are the prime factors of 133?
7, 19
What are the prime factors of 13371?
3, 4457
What are the prime factors of 2644?
2, 661
What are the prime factors of 508?
2, 127
What are the prime factors of 4322?
2